. Let n(k) = -2*k + k + 7 - 4. What is n(j)?
-4
Let w(v) = -v**2 - 5*v + 3. Let z be w(-5). Let n = 7 - z. Let u(o) = -2 + o + 5 - 4. Give u(n).
3
Let n(t) = t**2 + 9*t - 15. Suppose q - 38 = 3*r, 15*q - 12*q - 62 = 5*r. What is n(r)?
37
Suppose -2*x + 0*w = w - 17, 3*w + 70 = 5*x. Let u(q) = -x*q - 4*q - 8 + 8*q - 2*q**2 + 3*q**2. What is u(7)?
-8
Let y be (-3 + -2)*(2 + (-28)/20). Let o be y/(-4) + -6*(-5)/(-8). Let d(i) = i**2 + 4*i + 4. Calculate d(o).
1
Let y(u) = u**3 + 5*u**2 - 4*u**2 - 14*u - 5*u**2 + 13*u + 2. Give y(4).
-2
Let j(y) = -10 - 7 + 1 + 2 + y. Let c be (-2)/(-10)*(-6 + 11). Let x be (-43)/(-7) - c/7. Determine j(x).
-8
Let d be ((-8)/(-12))/(1/(-36)). Let m be (2/4)/((-1)/d). Let l be m/(-7) + (-18)/63. Let n(i) = -2*i**2 + 2. Determine n(l).
-6
Suppose 22*u - 17*u - 20 = 0. Let j(x) = -x**3 + 7*x**2 - 4*x - 2. What is j(u)?
30
Let z(m) be the second derivative of m**3/6 - 5*m**2/2 - 7*m. Let o(v) = -2*v**2 + 5*v - 7. Let h be o(1). What is z(h)?
-9
Suppose 0 = -5*y - 15 - 15. Let m(q) = q**3 + 5*q**2 - 5*q + 9. What is m(y)?
3
Let y(r) = -86*r**3 + 49*r**3 + 8 + 10*r**2 + 38*r**3. Give y(-10).
8
Let q be 14/21*3/(-5)*-5. Let x(o) = -43*o + 83*o - 2*o**q - 44*o. Give x(-3).
-6
Suppose -4*t + b + 35 = -2*b, 2*t - 3*b = 13. Let n be (-6)/(-24) + t/4. Let u(d) = d - 4. Let r(v) = -2*v + 7. Let m(x) = 3*r(x) + 5*u(x). What is m(n)?
-2
Suppose w + 24 = 2*w + 5*f, 0 = -2*w + 2*f. Suppose -5*j + 0*j + 4*v - 20 = 0, -w*v = -4*j - 20. Let i(n) = n**2 + n + 1. What is i(j)?
1
Let o(h) = h**3 - 5*h**2 - 3*h + 22. Let z(u) = u**2 + 1. Let v(p) = o(p) - 3*z(p). Determine v(8).
-5
Let r = -71 - -78. Suppose -r*m + 8 = -6. Let o(i) = -2*i**2 - 3*i + 3. What is o(m)?
-11
Let u = 13 + -7. Let s(l) = -l - 1. Let j(q) = -q**2 + 4*q - 12. Let b(x) = j(x) - 4*s(x). Determine b(u).
4
Let q(w) = -6*w + 4. Let k(z) = -1. Let y(i) = -6*k(i) - q(i). Suppose -u - 77 = -81. What is y(u)?
26
Let s(g) = -g**3 - 20*g**2 - 22*g - 11. Suppose d + 2*v = -21, 10*d = 15*d + v + 96. Give s(d).
46
Let b(j) = -3*j**3 + 2*j**3 + 3 - 8*j**3 - 9*j + 7*j**2 + 8*j**3 + 2*j**2. Let f = -6 - -14. Calculate b(f).
-5
Let v(g) be the second derivative of g**4/12 + g**3 - 5*g**2/2 - 2*g + 912. Suppose -3*t - 15 = -0. What is v(t)?
-10
Let l(u) = u**2 - 3*u - 6. Let q = -53 + 31. Let a(n) = n - 19. Let h be a(-8). Let g = q - h. Determine l(g).
4
Let r = 16 + 0. Suppose 3*h - 2*t + r = 0, 0 = -4*h - 5*t - 3 + 20. Let b(x) = -2*x**3 - 2*x**2 - 2 - x + 0 + 1 + x**3. What is b(h)?
1
Let k(u) be the first derivative of -u**2/2 + 3*u - 111. Give k(8).
-5
Let w(i) = i - 6. Let o(b) = b**3 + b**2 - 5*b + 7. Let t be o(2). What is w(t)?
3
Let z(p) = p**2 - 8*p + 4. Suppose -16 = 2*u + 3*y - 17, 5*y = 4*u - 57. Determine z(u).
4
Let u(o) = o**3 + o**2 + o. Let k(v) = -v**3 - 4*v**2 - 2*v. Let x(l) = -k(l) - 2*u(l). Let c = -96 - -99. What is x(c)?
-9
Let i(x) = -2*x**2 + x + 2. Suppose 2 + 10 = -4*w, -2*k - 5*w + 9 = 0. Let j be (k/5 - (1 + 1))*5. Calculate i(j).
-4
Let i(s) be the third derivative of s**6/120 - s**5/10 + s**4/6 + s**3/3 - s**2. Let x = 67 - 94. Let l = 32 + x. Give i(l).
-3
Let h(d) = -5*d - 11. Suppose 2*m - 3*o - 7 = -16, 4*m + 4*o = -48. What is h(m)?
34
Let q(f) = 2*f**2 + 2. Let x be (-2)/3 - (-14)/3. What is q(x)?
34
Suppose -j = -0*c - 2*c - 5, -4*c = 4*j + 16. Let q(o) = 53*o - 14*o + 3*o**2 - 19*o - 22*o + o**3 - 4. Determine q(c).
2
Let h(j) = -10*j - 2. Let k(v) = -v - 1. Let t(y) = -h(y) + 3*k(y). Let g(z) = 20*z - 2. Let i(m) = 6*g(m) - 17*t(m). Determine i(0).
5
Let j be (-12 - -5) + (-10)/2 + 9. Let y(k) = -k**3 - 3*k**2 - k + 1. Give y(j).
4
Let k(j) be the first derivative of -j**4/12 - 3*j**3/2 - j**2/2 + 33*j + 2. Let i(s) be the first derivative of k(s). Calculate i(-8).
7
Let b(f) = -2*f + 4. Let c = -2 - -6. Calculate b(c).
-4
Let d = -38 + 54. Suppose 4*z - 5*z + 3*m = 0, 4*z - d = -4*m. Let f(h) = 4*h - 4. Give f(z).
8
Let o(h) = h**3 + 1. Let z(j) = 3*j**3 + 3. Let i(b) = -5*o(b) + 2*z(b). Suppose -5*n + u = 6*u - 5, -4*n = 2*u - 4. Give i(n).
2
Let p(d) be the first derivative of -1/3*d**4 - 3 + 1/2*d**3 - 1/20*d**5 - 7*d - 7/2*d**2. Let f(t) be the first derivative of p(t). What is f(-5)?
3
Suppose 0 = -w + 1 - 0, -5*z + 3*w + 17 = 0. Let u(v) = v - 8*v - 6*v - 4*v + 16*v. What is u(z)?
-4
Suppose 0*k + k = 15*k. Let i(h) = h - 3. What is i(k)?
-3
Let i(c) = c - 4. Let z be 414/15 - (-3)/(-5). Let g be (-38)/9 - (-6)/z. Let w be i(g). Let h(s) = 2*s + 9. Give h(w).
-7
Suppose 12 = a + 3*a. Let k(c) = 26*c - c**3 - 48*c - a - 1 + 29*c + 4*c**2. Give k(5).
6
Let b(n) be the second derivative of -n**5/20 + n**4/12 - n**3/6 + n**2 + 13*n - 1. Determine b(2).
-4
Let s(g) = -g**3 - g**2 - 1. Let p(j) = -2*j**3 - 2*j**2 - j + 12. Let v(f) = p(f) - 3*s(f). Let z = 2 + 1. Suppose -2*a = z*a. Give v(a).
15
Suppose 2 = -2*k + k - 4*g, 0 = -4*k - g + 7. Let v(l) = -2 + l + l**k + 2. Let p = -17 + 16. Calculate v(p).
0
Let s(k) = -k**3 + k**2 + k + 2. Let f(h) = -2*h**3 - 7*h**2 + 10*h + 7. Let i(c) = -f(c) + s(c). Determine i(-9).
-5
Let a(b) = -6*b + 6 - 13*b + 17*b + b + 2. What is a(15)?
-7
Let q = 104 + -102. Let y(d) = -2*d**2 - 25 - 3*d**2 - 2*d - 2*d**3 + 23. Let i(t) = t**3 + t**2 + t + 1. Let u(r) = -3*i(r) - y(r). Give u(q).
-3
Let q be (-1)/(-2) + (-3)/(-6). Let l(s) = -2 - 107*s + s**3 + 106*s + 3 + 0. Let o(i) = 6*i**2 + 2*i - 5. Let f(t) = q*l(t) - o(t). Calculate f(6).
-12
Let d(a) = a - 6. Let l be d(11). Suppose l*f = 41 + 29. Let q(c) = 5*c + c**3 - f*c + 6*c - 2. What is q(-2)?
-4
Let b(h) = -h - 4*h + 2*h + 3 - 5. Let v be (4/12)/((-2)/12). Let s(r) = -r**2 - 2*r - 2. Let l be s(v). Give b(l).
4
Let z(j) = j**2 - 5*j + 3. Let h be z(1). Let s(b) = -b**2 + 2. Let v(d) = d**3 - 2*d**2 + 3. Let n(o) = -3*s(o) + 2*v(o). Determine n(h).
-3
Let r(y) be the first derivative of -y**4/4 + 2*y**3 + 5*y**2/2 + 9*y + 1. Let m(i) = 3*i**2 - 36*i - 77. Let k be m(-2). Give r(k).
-5
Let v(u) = -2*u**3 - 3*u**2 - 2*u + 1. Let r(h) = 294*h**2 - 4*h - 296*h**2 - 7 + 21. Let j be r(2). Determine v(j).
9
Let y be 2/(-8) - 35/4. Let z = y - -9. Suppose 4*v - 3*h - 15 = z, 0*h - 2*h = -v. Let n(f) = -f**3 + 5*f**2 + 7*f - 2. Determine n(v).
4
Let f(a) = -a**3 + 28*a**2 - 53*a + 34. Let i be f(26). Let g(u) = -u**2 + 10*u - 7. Give g(i).
9
Suppose n - 5*o - 27 = -0*o, -10 = 2*o. Let c(p) = -p**2 - p - 1. Let u(s) be the second derivative of s**4/12 + 2*s. Let v(w) = n*u(w) + 3*c(w). What is v(-3)?
-3
Suppose 0*h + 45 = 3*h. Suppose h = 2*z - 3*n, -3*z = 5*n + 6 - 76. Suppose -2*s = 3*s - z. Let q(a) = -2*a. Give q(s).
-6
Let w(u) be the first derivative of u**2/2 - 3*u + 10. Suppose -2*a + 0 = 4*s + 12, -a - 16 = 4*s. What is w(a)?
1
Suppose -3*z - 2*z + 5*j + 5 = 0, -5 = z + 5*j. Suppose -4*t - m + 2*m + 9 = 0, 5*t + m - 9 = z. Let n be t + 1/2*-2. Let l(u) = 5*u**3. What is l(n)?
5
Let s(n) = -n - 5. Let c be 9/(-1)*(-1)/3. Suppose -c*l = 3*x + 24, -2*x - 3*l - 22 = -3. Calculate s(x).
0
Let z(c) = -c**3 + 6*c**2 - 4*c - 6. Suppose -u + 3*d = -17, 9*u + 5*d = 7*u - 10. Give z(u).
-1
Let d be ((-180)/(-17))/5 - (-16)/(-136). Let c(b) = -5*b + 4. Calculate c(d).
-6
Let d(o) = -2*o**2 + 10*o + 1. Let j(a) = a**2 - 5*a. Let r(l) = 3*d(l) + 7*j(l). Suppose 6*x + 0*x - 36 = 0. Give r(x).
9
Let q be (-1 + (-2)/(-1))*5. Let b(m) = -2*m - 9*m**2 + 4*m + 6*m**2 + 2 - q*m. What is b(-3)?
-16
Let g(x) = x**2 - 5*x + 4. Suppose -3*j - 3*n = -36, 3*n - n = j - 21. Let m be (j - -1 - 3)*1. Suppose 12 = 5*t - m. Calculate g(t).
4
Let i be (-80)/(-45) + 12/54. Let b(j) = -j + 2 - 3 + 4*j. Calculate b(i).
5
Let r = 55 - 60. Let y(w) = -w**3 + 5*w + 3. Let h(u) = -u**3 + u**2 + 5*u + 4. Let g(f) = -4*h(f) + 5*y(f). What is g(r)?
-1
Let o(b) = -b**3 - 6*b**2 + b + 10. Let q(h) = -h**3 - 6*h**2 + 11. Let t(y) = -3*o(y) + 4*q(y). Determine t(-6).
32
Let q(d) = d**3 - d**2 - d - 2. Suppose -5*k + k = 2*t - 12, -5*k = -15. Give q(t).
-2
Let s(o) = -o + 5 + 2*o - 12. Let v(l) = -2*l + 6. Let c(u) = -2*s(u) - 3*v(u). Give c(4).
12
Let a(h) = -501 + h**2 + 3*h**2 + 504 + 2*h**2 + 7*h - h**3. Let v be -1*(-4)/2 + 5. What is a(v)?
3
Let n(r) = -24*r + 23*r - 2 - 4. Calculate n(-5).
-1
Let a(m) = m**2 - 15*m + 14. Let r be a(14). Let s(x) = 6*x + 1. Determine s(r).
1
Let y(b